n base 4?
2020
Convert -2 (base 3) to base 6.
-2
Convert -132 (base 8) to base 7.
-156
What is 11 (base 16) in base 4?
101
-1 (base 10) to base 16
-1
Convert -100110 (base 2) to base 4.
-212
What is 502 (base 6) in base 14?
d0
Convert -10 (base 3) to base 5.
-3
18 (base 11) to base 10
19
Convert -65 (base 7) to base 2.
-101111
-3 (base 11) to base 13
-3
What is -3 (base 14) in base 4?
-3
What is -8 (base 10) in base 2?
-1000
What is -4 (base 14) in base 8?
-4
What is -2 (base 10) in base 4?
-2
Convert 0 (base 4) to base 13.
0
-12 (base 12) to base 6
-22
-10 (base 13) to base 16
-d
Convert 3 (base 8) to base 9.
3
What is -15 (base 14) in base 6?
-31
What is 0 (base 4) in base 10?
0
Convert -11 (base 9) to base 15.
-a
-13 (base 5) to base 3
-22
25 (base 11) to base 8
33
Convert 9 (base 16) to base 8.
11
What is 0 (base 7) in base 11?
0
-1445 (base 6) to base 5
-3024
20 (base 3) to base 4
12
-46 (base 15) to base 12
-56
-14 (base 8) to base 10
-12
Convert 2001 (base 3) to base 13.
43
What is 13 (base 5) in base 6?
12
Convert 24 (base 14) to base 15.
22
-243 (base 7) to base 9
-153
Convert -121 (base 5) to base 9.
-40
What is 10 (base 15) in base 16?
f
Convert 0 (base 4) to base 16.
0
What is -7 (base 12) in base 5?
-12
-a (base 11) to base 13
-a
What is -2 (base 6) in base 4?
-2
What is 5 (base 7) in base 6?
5
Convert 4 (base 9) to base 11.
4
What is 4 (base 9) in base 12?
4
4 (base 6) to base 2
100
Convert -3 (base 16) to base 15.
-3
-10 (base 16) to base 15
-11
61 (base 16) to base 9
117
-31 (base 11) to base 13
-28
10 (base 7) to base 9
7
Convert 245 (base 8) to base 14.
bb
Convert 7e (base 16) to base 10.
126
Convert -5 (base 10) to base 12.
-5
Convert 1 (base 12) to base 15.
1
What is -145 (base 7) in base 10?
-82
What is 15 (base 11) in base 2?
10000
Convert -62 (base 14) to base 3.
-10012
1 (base 16) to base 12
1
Convert -77 (base 9) to base 3.
-2121
-67 (base 9) to base 16
-3d
Convert -454 (base 6) to base 15.
-bd
What is 0 (base 13) in base 15?
0
Convert -2 (base 8) to base 15.
-2
What is 5 (base 8) in base 6?
5
Convert -264 (base 8) to base 3.
-20200
What is -10 (base 3) in base 9?
-3
Convert -1 (base 10) to base 2.
-1
Convert -77 (base 8) to base 9.
-70
1143 (base 5) to base 11
148
Convert -1 (base 14) to base 13.
-1
What is -58 (base 12) in base 7?
-125
What is 12 (base 4) in base 10?
6
-1 (base 10) to base 16
-1
Convert -45 (base 12) to base 14.
-3b
-3 (base 13) to base 15
-3
-4 (base 15) to base 12
-4
34 (base 6) to base 5
42
Convert -3 (base 7) to base 6.
-3
What is 42 (base 13) in base 11?
4a
Convert -5 (base 7) to base 16.
-5
100 (base 2) to base 10
4
-b (base 14) to base 3
-102
Convert -4 (base 14) to base 6.
-4
What is -113 (base 6) in base 2?
-101101
Convert 21 (base 3) to base 4.
13
1 (base 5) to base 9
1
Convert -54 (base 9) to base 7.
-100
What is -30 (base 5) in base 9?
-16
1 (base 8) to base 4
1
-1102 (base 3) to base 4
-212
What is 10100 (base 2) in base 14?
16
What is 2 (base 5) in base 3?
2
What is -31 (base 14) in base 7?
-61
Convert -1001 (base 2) to base 3.
-100
What is -168 (base 9) in base 2?
-10001111
What is -2 (base 16) in base 9?
-2
What is 9 (base 15) in base 4?
21
Convert -26 (base 9) to base 6.
-40
What is 6 (base 13) in base 10?
6
Convert -27 (base 13) to base 7.
-45
Convert -73 (base 15) to base 16.
-6c
212 (base 3) to base 2
10111
Convert 10011 (base 2) to base 9.
21
-10 (base 3) to base 16
-3
-11 (base 4) to base 15
-5
Convert 366 (base 10) to base 6.
1410
Convert -10 (base 6) to base 10.
-6
1 (base 6) to base 15
1
Convert 26 (base 15) to base 16.
24
Convert -c (base 14) to base 12.
-10
What is 111001 (base 2) in base 14?
41
What is -14 (base 5) in base 13?
-9
-2 (base 16) to base 7
-2
-8 (base 12) to base 3
-22
-27 (base 9) to base 12
-21
Convert 3a (base 12) to base 14.
34
-10 (base 6) to base 16
-6
Convert -84 (base 11) to base 2.
-1011100
What is -10 (base 7) in base 2?
-111
Convert 4b (base 13) to base 9.
70
-12001 (base 3) to base 12
-b4
-10010 (base 3) to base 8
-124
Convert -10110001 (base 2) to base 14.
-c9
What is -11 (base 4) in base 8?
-5
-2 (base 12) to base 7
-2
155 (base 7) to base 2
1011001
What is 6 (base 14) in base 7?
6
What is 25 (base 8) in base 3?
210
What is 1a (base 11) in base 10?
21
What is -10 (base 4) in base 13?
-4
-323 (base 4) to base 15
-3e
What is -15 (base 8) in base 4?
-31
What is 3 (base 5) in base 2?
11
What is -56 (base 9) in base 15?
-36
Convert 3 (base 16) to base 13.
3
100011 (base 2) to base 10
35
What is 10 (base 2) in base 10?
2
Convert -2 (base 4) to base 10.
-2
9 (base 16) to base 4
21
-1000 (base 3) to base 5
-102
Convert -27 (base 8) to base 10.
-23
44 (base 7) to base 10
32
What is -13 (base 11) in base 15?
-e
-9 (base 13) to base 16
-9
What is 10101 (base 2) in base 16?
15
What is -105 (base 15) in base 5?
-1410
What is 73 (base 10) in base 5?
243
1ac (base 14) to base 6
1340
1 (base 5) to base 3
1
1 (base 4) to base 10
1
Convert 1010 (base 2) to base 15.
a
-4 (base 14) to base 11
-4
Convert 25 (base 6) to base 8.
21
What is 22 (base 3) in base 16?
8
-46 (base 12) to base 5
-204
-23 (base 9) to base 7
-30
1 (base 2) to base 3
1
What is 505 (base 8) in base 7?
643
Convert -7 (base 10) to base 16.
-7
Convert 4 (base 10) to base 14.
4
-a (base 11) to base 5
-20
Convert -ea (base 16) to base 15.
-109
What is 361 (base 8) in base 11?
1aa
-185 (base 15) to base 3
-110222
What is 35 (base 11) in base 16?
26
-14 (base 10) to base 12
-12
What is 7 (base 8) in base 14?
7
Convert 2 (base 10) to base 7.
2
Convert -201 (base 3) to base 5.
-34
-300 (base 4) to base 10
-48
Convert 0 (base 2) to base 15.
0
86 (base 14) to base 5
433
What is -56 (base 13) in base 2?
-1000111
56 (base 14) to base 6
204
What is 3 (base 9) in base 13?
3
2 (base 3) to base 15
2
Convert -1 (base 15) to base 14.
-1
4 (base 13) to base 7
4
-47 (base 12) to base 3
-2001
11 (base 4) to base 5
10
Convert -65 (base 9) to base 12.
-4b
Convert -1 (base 11) to base 8.
-1
Convert 4 (base 15) to base 7.
4
Convert -3 (base 6) to base 5.
-3
What is -122 (base 8) in base 2?
-1010010
Convert -191 (base 10) to base 3.
-21002
203 (base 4) to base 10
35
374 (base 9) to base 10
310
Convert -1a (base 12) to base 16.
-16
What is 100111 (base 2) in base 14?
2b
4 (base 8) to base 7
4
What is -42 (base 11) in base 12?
-3a
Convert 4 (base 11) to base 2.
100
What is -242 (base 5) in base 4?
-1020
-121 (base 3) to base 6
-24
What is 2 (base 15) in base 13?
2
Convert 231 (base 10) to base 2.
11100111
Convert -3 (base 8) to base 16.
-3
What is 202 (base 3) in base 9?
22
3 (base 8) to base 3
10
70 (base 15) to base 5
410
Convert 110 (base 3) to base 6.
20
What is 121 (base 7) in base 11?
59
Convert 1222 (base 3) to base 4.
311
What is 23 (base 12) in base 9?
30
1 (base 13) to base 3
1
Convert -212 (base 3) to base 5.
-43
What is 105 (base 8) in base 9?
76
Convert 211 (base 4) to base 8.
45
Convert 1 (base 7) to base 12.
1
What is 2b (base 12) in base 11?
32
10 (base 12) to base 7
15
1 (base 10) to base 14
1
-1011 (base 4) to base 15
-49
Convert 0 (base 8) to base 11.
0
What is -2 (base 9) in base 4?
-2
17 (base 8) to base 5
30
What is -2 (base 4) in base 10?
-2
What is 45 (base 7) in base 4?
201
What is 8 (base 12) in base 10?
8
Convert 1c5 (base 15) to base 13.
257
What is -10 (base 4) in base 11?
-4
Convert -30 (base 13) to base 11.
-36
What is 14 (base 10) in base 16?
e
Convert 40 (base 7) to base 3.
1001
Convert 7 (base 9) to base 4.
13
What is -1 (base 10) in base 15?
-1
Convert -60 (base 8) to base 16.
-30
What is 1 (base 2) in base 13?
1
641 (base 8) to base 2
110100001
What is -13 (base 6) in base 9?
-10
Convert 220 (base 13) to base 6.
1404
Convert -11 (base 5) to base 16.
-6
33 (base 7) to base 16
18
What is -53 (base 10) in base 15?
-38
Convert -3 (base 6) to base 9.
-3
-2 (base 3) to base 15
-2
10 (base 3) to base 14
3
Convert -a (base 15) to base 16.
-a
What is 12 (base 5) in base 7?
10
What is -138 (base 9) in base 2?
-1110100
2 (base 14) to base 4
2
-52 (base 11) to base 7
-111
143 (base 11) to base 3
20020
What is 2 (base 9) in base 6?
2
Convert -301 (base 8) to base 3.
-21011
Convert 200 (base 10) to base 6.
532
7 (base 16) to base 4
13
What is 1001 (base 2) in base 4?
21
-21 (base 10) to base 12
-19